{"id":273,"date":"2022-03-13T19:03:15","date_gmt":"2022-03-13T19:03:15","guid":{"rendered":"https:\/\/coden.com.br\/semana-da-agua\/?page_id=273"},"modified":"2023-03-14T17:51:37","modified_gmt":"2023-03-14T17:51:37","slug":"tratamento-de-esgoto","status":"publish","type":"page","link":"https:\/\/coden.com.br\/semana-da-agua\/tratamento-de-esgoto\/","title":{"rendered":"Tratamento de esgoto"},"content":{"rendered":"\t\t<div data-elementor-type=\"wp-page\" data-elementor-id=\"273\" class=\"elementor elementor-273\" data-elementor-post-type=\"page\">\n\t\t\t\t\t\t<section class=\"elementor-section elementor-top-section elementor-element elementor-element-36452cd elementor-section-boxed elementor-section-height-default elementor-section-height-default tf-sticky-section tf-sticky-no\" data-id=\"36452cd\" data-element_type=\"section\" data-settings=\"{&quot;tf_sticky&quot;:&quot;no&quot;}\">\n\t\t\t\t\t\t<div class=\"elementor-container elementor-column-gap-default\">\n\t\t\t\t\t<div class=\"elementor-column elementor-col-100 elementor-top-column elementor-element elementor-element-f148e9a\" data-id=\"f148e9a\" data-element_type=\"column\">\n\t\t\t<div class=\"elementor-widget-wrap elementor-element-populated\">\n\t\t\t\t\t\t<section class=\"elementor-section elementor-inner-section elementor-element elementor-element-2af0df6 elementor-section-boxed elementor-section-height-default elementor-section-height-default tf-sticky-section tf-sticky-no\" data-id=\"2af0df6\" data-element_type=\"section\" data-settings=\"{&quot;tf_sticky&quot;:&quot;no&quot;}\">\n\t\t\t\t\t\t<div class=\"elementor-container elementor-column-gap-default\">\n\t\t\t\t\t<div class=\"elementor-column elementor-col-100 elementor-inner-column elementor-element elementor-element-209cf90\" data-id=\"209cf90\" data-element_type=\"column\">\n\t\t\t<div class=\"elementor-widget-wrap elementor-element-populated\">\n\t\t\t\t\t\t<div class=\"elementor-element elementor-element-dfa1359 elementor-widget elementor-widget-image\" data-id=\"dfa1359\" data-element_type=\"widget\" data-widget_type=\"image.default\">\n\t\t\t\t<div class=\"elementor-widget-container\">\n\t\t\t\t\t\t\t\t\t\t\t\t<figure class=\"wp-caption\">\n\t\t\t\t\t\t\t\t\t\t<img fetchpriority=\"high\" decoding=\"async\" width=\"567\" height=\"425\" src=\"https:\/\/coden.com.br\/semana-da-agua\/wp-content\/uploads\/2022\/03\/Estacao-de-Tratamento-de-Esgoto-ETE-Quilombo-copiar.png\" class=\"attachment-large size-large wp-image-183\" alt=\"\" srcset=\"https:\/\/coden.com.br\/semana-da-agua\/wp-content\/uploads\/2022\/03\/Estacao-de-Tratamento-de-Esgoto-ETE-Quilombo-copiar.png 567w, https:\/\/coden.com.br\/semana-da-agua\/wp-content\/uploads\/2022\/03\/Estacao-de-Tratamento-de-Esgoto-ETE-Quilombo-copiar-300x225.png 300w\" sizes=\"(max-width: 567px) 100vw, 567px\" \/>\t\t\t\t\t\t\t\t\t\t\t<figcaption class=\"widget-image-caption wp-caption-text\">Esta\u00e7\u00e3o de Tratamento de Esgoto - ETE Quilombo<\/figcaption>\n\t\t\t\t\t\t\t\t\t\t<\/figure>\n\t\t\t\t\t\t\t\t\t<\/div>\n\t\t\t\t<\/div>\n\t\t\t\t<div class=\"elementor-element elementor-element-7b3ff17 elementor-widget elementor-widget-spacer\" data-id=\"7b3ff17\" data-element_type=\"widget\" data-widget_type=\"spacer.default\">\n\t\t\t\t<div class=\"elementor-widget-container\">\n\t\t\t\t\t\t\t<div class=\"elementor-spacer\">\n\t\t\t<div class=\"elementor-spacer-inner\"><\/div>\n\t\t<\/div>\n\t\t\t\t\t\t<\/div>\n\t\t\t\t<\/div>\n\t\t\t\t\t<\/div>\n\t\t<\/div>\n\t\t\t\t\t<\/div>\n\t\t<\/section>\n\t\t\t\t<section class=\"elementor-section elementor-inner-section elementor-element elementor-element-d08dfed elementor-section-boxed elementor-section-height-default elementor-section-height-default tf-sticky-section tf-sticky-no\" data-id=\"d08dfed\" data-element_type=\"section\" data-settings=\"{&quot;tf_sticky&quot;:&quot;no&quot;}\">\n\t\t\t\t\t\t<div class=\"elementor-container elementor-column-gap-default\">\n\t\t\t\t\t<div class=\"elementor-column elementor-col-100 elementor-inner-column elementor-element elementor-element-a381019\" data-id=\"a381019\" data-element_type=\"column\">\n\t\t\t<div class=\"elementor-widget-wrap elementor-element-populated\">\n\t\t\t\t\t\t<div class=\"elementor-element elementor-element-11c5ea8 elementor-widget elementor-widget-heading\" data-id=\"11c5ea8\" data-element_type=\"widget\" data-widget_type=\"heading.default\">\n\t\t\t\t<div class=\"elementor-widget-container\">\n\t\t\t\t\t<h3 class=\"elementor-heading-title elementor-size-default\">Conhe\u00e7a nosso tratamento de esgoto<\/h3>\t\t\t\t<\/div>\n\t\t\t\t<\/div>\n\t\t\t\t<div class=\"elementor-element elementor-element-17b8c7a elementor-widget elementor-widget-spacer\" data-id=\"17b8c7a\" data-element_type=\"widget\" data-widget_type=\"spacer.default\">\n\t\t\t\t<div class=\"elementor-widget-container\">\n\t\t\t\t\t\t\t<div class=\"elementor-spacer\">\n\t\t\t<div class=\"elementor-spacer-inner\"><\/div>\n\t\t<\/div>\n\t\t\t\t\t\t<\/div>\n\t\t\t\t<\/div>\n\t\t\t\t\t<\/div>\n\t\t<\/div>\n\t\t\t\t\t<\/div>\n\t\t<\/section>\n\t\t\t\t<section class=\"elementor-section elementor-inner-section elementor-element elementor-element-3d22267 elementor-section-boxed elementor-section-height-default elementor-section-height-default tf-sticky-section tf-sticky-no\" data-id=\"3d22267\" data-element_type=\"section\" data-settings=\"{&quot;tf_sticky&quot;:&quot;no&quot;}\">\n\t\t\t\t\t\t<div class=\"elementor-container elementor-column-gap-default\">\n\t\t\t\t\t<div class=\"elementor-column elementor-col-100 elementor-inner-column elementor-element elementor-element-e5ec14b\" data-id=\"e5ec14b\" data-element_type=\"column\">\n\t\t\t<div class=\"elementor-widget-wrap elementor-element-populated\">\n\t\t\t\t\t\t<div class=\"elementor-element elementor-element-189fe39 elementor-drop-cap-yes elementor-drop-cap-view-default elementor-widget elementor-widget-text-editor\" data-id=\"189fe39\" data-element_type=\"widget\" data-settings=\"{&quot;drop_cap&quot;:&quot;yes&quot;}\" data-widget_type=\"text-editor.default\">\n\t\t\t\t<div class=\"elementor-widget-container\">\n\t\t\t\t\t\t\t\t\t<p>Para garantir que os rios e c\u00f3rregos do munic\u00edpio tenham condi\u00e7\u00f5es ideais para a prolifera\u00e7\u00e3o de peixes, mesmo que sejam mananciais n\u00e3o utilizados pela Coden como fontes de capta\u00e7\u00e3o de \u00e1gua, \u00e9 necess\u00e1rio um tratamento de esgoto adequado. A Esta\u00e7\u00e3o de Tratamento de Esgoto de Nova Odessa, a ETE Quilombo, \u00e9 considerada uma refer\u00eancia na regi\u00e3o, especialmente por seus quatro reatores Biopaq Ubox, de tecnologia holandesa, que permitem a ocorr\u00eancia de duas fases de tratamento do esgoto &#8211; aer\u00f3bia e anaer\u00f3bia \u2013 no mesmo tanque.<\/p><p>O esgoto entra pela metade inferior do tanque, onde \u00e9 digerido por bact\u00e9rias anaer\u00f3bias (que n\u00e3o respiram oxig\u00eanio), sobe at\u00e9 a metade superior por ascens\u00e3o, onde o ar \u00e9 soprado na mistura e entram em a\u00e7\u00e3o as bact\u00e9rias aer\u00f3bias (que respiram oxig\u00eanio).<\/p><p>Um dos diferenciais destes equipamentos \u00e9 a elimina\u00e7\u00e3o do odor caracter\u00edstico do lodo resultante do processo. Juntos, eles tratam 110 litros de efluentes por segundo e garantem \u00e0 ETE Quilombo uma capacidade estimada para atender 80 mil habitantes, um n\u00famero bastante superior \u00e0 popula\u00e7\u00e3o de Nova Odessa, que totaliza, aproximadamente, 61 mil pessoas.<\/p><p>Rotineiramente, s\u00e3o realizadas an\u00e1lises laboratoriais para medir a quantidade de metais do esgoto bruto, a concentra\u00e7\u00e3o de s\u00f3lido nas fases aer\u00f3bia e anaer\u00f3bia do tratamento, o \u00edndice de efici\u00eancia, entre outros indicadores.<\/p><p>A ETE Quilombo foi inaugurada em 2012, em substitui\u00e7\u00e3o \u00e0 ETE Palmital, que na \u00e9poca tratava apenas 7% do esgoto gerado no munic\u00edpio. Desde ent\u00e3o, a unidade vem alcan\u00e7ando indicadores de excel\u00eancia e colocando Nova Odessa na vanguarda regional do Saneamento B\u00e1sico.<\/p><p>Atualmente, 96% da popula\u00e7\u00e3o \u00e9 atendida com a coleta de esgoto e 100% do mesmo \u00e9 tratado. E gra\u00e7as \u00e0 unidade, a cidade deixou de lan\u00e7ar esgoto dom\u00e9stico e industrial sem o tratamento adequado no Ribeir\u00e3o Quilombo, devolvendo a esse corpo h\u00eddrico em m\u00e9dia 90 litros de efluentes desinfectados por segundo, ou seja, \u00e1gua praticamente limpa.<\/p>\t\t\t\t\t\t\t\t<\/div>\n\t\t\t\t<\/div>\n\t\t\t\t<div class=\"elementor-element elementor-element-9d574c7 elementor-widget elementor-widget-heading\" data-id=\"9d574c7\" data-element_type=\"widget\" data-widget_type=\"heading.default\">\n\t\t\t\t<div class=\"elementor-widget-container\">\n\t\t\t\t\t<h4 class=\"elementor-heading-title elementor-size-default\">Compostagem de lodo<\/h4>\t\t\t\t<\/div>\n\t\t\t\t<\/div>\n\t\t\t\t<div class=\"elementor-element elementor-element-5e65f9d elementor-widget elementor-widget-spacer\" data-id=\"5e65f9d\" data-element_type=\"widget\" data-widget_type=\"spacer.default\">\n\t\t\t\t<div class=\"elementor-widget-container\">\n\t\t\t\t\t\t\t<div class=\"elementor-spacer\">\n\t\t\t<div class=\"elementor-spacer-inner\"><\/div>\n\t\t<\/div>\n\t\t\t\t\t\t<\/div>\n\t\t\t\t<\/div>\n\t\t\t\t<div class=\"elementor-element elementor-element-febc977 elementor-widget elementor-widget-text-editor\" data-id=\"febc977\" data-element_type=\"widget\" data-widget_type=\"text-editor.default\">\n\t\t\t\t<div class=\"elementor-widget-container\">\n\t\t\t\t\t\t\t\t\t<p>A ETE Quilombo tamb\u00e9m desenvolve um projeto de compostagem de lodo. Atualmente, s\u00e3o produzidos no local mais de 5 toneladas de lodo por dia, que s\u00e3o destinadas para aterro sanit\u00e1rio. Por\u00e9m, a inten\u00e7\u00e3o da Coden \u00e9 que o material org\u00e2nico do esgoto possa ser processado na pr\u00f3pria esta\u00e7\u00e3o para ser reaproveitado em fins ambientais, como a aduba\u00e7\u00e3o do solo em \u00e1reas p\u00fablicas na cidade.<\/p><p>A compostagem \u00e9 realizada em tr\u00eas etapas. Primeiro, o lodo gerado na unidade \u00e9 misturado aos res\u00edduos de podas de \u00e1rvores,\u00a0 permanecendo em descanso durante um m\u00eas. Em seguida, a mistura \u00e9 higienizada por meio de fermenta\u00e7\u00e3o natural para a elimina\u00e7\u00e3o de microrganismos nocivos ao ser humano. Esta segunda fase ocorre em um per\u00edodo de mais trinta dias, podendo alcan\u00e7ar temperatura de at\u00e9 70\u00baC. Na \u00faltima etapa, o fertilizante \u00e9 peneirado e pode ser utilizado em jardins e lavouras espec\u00edficas.<\/p><p>O projeto da ETE Quilombo j\u00e1 disp\u00f5e de licen\u00e7as ambientais, barrac\u00e3o, composteira e demais equipamentos necess\u00e1rios \u00e0 compostagem. Em breve, o sistema vai operar com 100% da capacidade na produ\u00e7\u00e3o de adubo org\u00e2nico classe D, o que significar\u00e1, al\u00e9m de uma grande contribui\u00e7\u00e3o ao meio ambiente, uma redu\u00e7\u00e3o significativa de custos, pois diminuir\u00e1 as despesas com aterro sanit\u00e1rio, que s\u00e3o muito elevadas.<\/p>\t\t\t\t\t\t\t\t<\/div>\n\t\t\t\t<\/div>\n\t\t\t\t\t<\/div>\n\t\t<\/div>\n\t\t\t\t\t<\/div>\n\t\t<\/section>\n\t\t\t\t\t<\/div>\n\t\t<\/div>\n\t\t\t\t\t<\/div>\n\t\t<\/section>\n\t\t\t\t<\/div>\n\t\t","protected":false},"excerpt":{"rendered":"<p>Esta\u00e7\u00e3o de Tratamento de Esgoto &#8211; ETE Quilombo Conhe\u00e7a nosso tratamento de esgoto Para garantir que os rios e c\u00f3rregos do munic\u00edpio tenham condi\u00e7\u00f5es ideais para a prolifera\u00e7\u00e3o de peixes, mesmo que sejam mananciais n\u00e3o utilizados pela Coden como fontes de capta\u00e7\u00e3o de \u00e1gua, \u00e9 necess\u00e1rio um tratamento de esgoto adequado. A Esta\u00e7\u00e3o de Tratamento [&hellip;]<\/p>\n","protected":false},"author":2,"featured_media":0,"parent":0,"menu_order":0,"comment_status":"closed","ping_status":"closed","template":"","meta":{"footnotes":""},"class_list":["post-273","page","type-page","status-publish","hentry"],"yoast_head":"<!-- This site is optimized with the Yoast SEO plugin v26.9 - https:\/\/yoast.com\/product\/yoast-seo-wordpress\/ -->\n<title>Tratamento de esgoto - Coden Ambiental<\/title>\n<meta name=\"robots\" content=\"index, follow, max-snippet:-1, max-image-preview:large, max-video-preview:-1\" \/>\n<link rel=\"canonical\" href=\"https:\/\/coden.com.br\/semana-da-agua\/tratamento-de-esgoto\/\" \/>\n<meta property=\"og:locale\" content=\"pt_BR\" \/>\n<meta property=\"og:type\" content=\"article\" \/>\n<meta property=\"og:title\" content=\"Tratamento de esgoto - Coden Ambiental\" \/>\n<meta property=\"og:description\" content=\"Esta\u00e7\u00e3o de Tratamento de Esgoto &#8211; ETE Quilombo Conhe\u00e7a nosso tratamento de esgoto Para garantir que os rios e c\u00f3rregos do munic\u00edpio tenham condi\u00e7\u00f5es ideais para a prolifera\u00e7\u00e3o de peixes, mesmo que sejam mananciais n\u00e3o utilizados pela Coden como fontes de capta\u00e7\u00e3o de \u00e1gua, \u00e9 necess\u00e1rio um tratamento de esgoto adequado. A Esta\u00e7\u00e3o de Tratamento [&hellip;]\" \/>\n<meta property=\"og:url\" content=\"https:\/\/coden.com.br\/semana-da-agua\/tratamento-de-esgoto\/\" \/>\n<meta property=\"og:site_name\" content=\"Coden Ambiental\" \/>\n<meta property=\"article:publisher\" content=\"https:\/\/www.facebook.com\/codenambiental\/\" \/>\n<meta property=\"article:modified_time\" content=\"2023-03-14T17:51:37+00:00\" \/>\n<meta property=\"og:image\" content=\"https:\/\/coden.com.br\/semana-da-agua\/wp-content\/uploads\/2022\/03\/Estacao-de-Tratamento-de-Esgoto-ETE-Quilombo-copiar.png\" \/>\n<meta name=\"twitter:card\" content=\"summary_large_image\" \/>\n<meta name=\"twitter:label1\" content=\"Est. tempo de leitura\" \/>\n\t<meta name=\"twitter:data1\" content=\"4 minutos\" \/>\n<script type=\"application\/ld+json\" class=\"yoast-schema-graph\">{\"@context\":\"https:\/\/schema.org\",\"@graph\":[{\"@type\":\"WebPage\",\"@id\":\"https:\/\/coden.com.br\/semana-da-agua\/tratamento-de-esgoto\/\",\"url\":\"https:\/\/coden.com.br\/semana-da-agua\/tratamento-de-esgoto\/\",\"name\":\"Tratamento de esgoto - Coden Ambiental\",\"isPartOf\":{\"@id\":\"https:\/\/coden.com.br\/semana-da-agua\/#website\"},\"primaryImageOfPage\":{\"@id\":\"https:\/\/coden.com.br\/semana-da-agua\/tratamento-de-esgoto\/#primaryimage\"},\"image\":{\"@id\":\"https:\/\/coden.com.br\/semana-da-agua\/tratamento-de-esgoto\/#primaryimage\"},\"thumbnailUrl\":\"https:\/\/coden.com.br\/semana-da-agua\/wp-content\/uploads\/2022\/03\/Estacao-de-Tratamento-de-Esgoto-ETE-Quilombo-copiar.png\",\"datePublished\":\"2022-03-13T19:03:15+00:00\",\"dateModified\":\"2023-03-14T17:51:37+00:00\",\"breadcrumb\":{\"@id\":\"https:\/\/coden.com.br\/semana-da-agua\/tratamento-de-esgoto\/#breadcrumb\"},\"inLanguage\":\"pt-BR\",\"potentialAction\":[{\"@type\":\"ReadAction\",\"target\":[\"https:\/\/coden.com.br\/semana-da-agua\/tratamento-de-esgoto\/\"]}]},{\"@type\":\"ImageObject\",\"inLanguage\":\"pt-BR\",\"@id\":\"https:\/\/coden.com.br\/semana-da-agua\/tratamento-de-esgoto\/#primaryimage\",\"url\":\"https:\/\/coden.com.br\/semana-da-agua\/wp-content\/uploads\/2022\/03\/Estacao-de-Tratamento-de-Esgoto-ETE-Quilombo-copiar.png\",\"contentUrl\":\"https:\/\/coden.com.br\/semana-da-agua\/wp-content\/uploads\/2022\/03\/Estacao-de-Tratamento-de-Esgoto-ETE-Quilombo-copiar.png\",\"width\":567,\"height\":425},{\"@type\":\"BreadcrumbList\",\"@id\":\"https:\/\/coden.com.br\/semana-da-agua\/tratamento-de-esgoto\/#breadcrumb\",\"itemListElement\":[{\"@type\":\"ListItem\",\"position\":1,\"name\":\"In\u00edcio\",\"item\":\"https:\/\/coden.com.br\/semana-da-agua\/\"},{\"@type\":\"ListItem\",\"position\":2,\"name\":\"Tratamento de esgoto\"}]},{\"@type\":\"WebSite\",\"@id\":\"https:\/\/coden.com.br\/semana-da-agua\/#website\",\"url\":\"https:\/\/coden.com.br\/semana-da-agua\/\",\"name\":\"Coden Ambiental\",\"description\":\"Semana da \u00c1gua Coden Ambiental\",\"publisher\":{\"@id\":\"https:\/\/coden.com.br\/semana-da-agua\/#organization\"},\"potentialAction\":[{\"@type\":\"SearchAction\",\"target\":{\"@type\":\"EntryPoint\",\"urlTemplate\":\"https:\/\/coden.com.br\/semana-da-agua\/?s={search_term_string}\"},\"query-input\":{\"@type\":\"PropertyValueSpecification\",\"valueRequired\":true,\"valueName\":\"search_term_string\"}}],\"inLanguage\":\"pt-BR\"},{\"@type\":\"Organization\",\"@id\":\"https:\/\/coden.com.br\/semana-da-agua\/#organization\",\"name\":\"Coden Ambinetal\",\"url\":\"https:\/\/coden.com.br\/semana-da-agua\/\",\"logo\":{\"@type\":\"ImageObject\",\"inLanguage\":\"pt-BR\",\"@id\":\"https:\/\/coden.com.br\/semana-da-agua\/#\/schema\/logo\/image\/\",\"url\":\"https:\/\/coden.com.br\/semana-da-agua\/wp-content\/uploads\/2022\/03\/cropped-logocoden.png\",\"contentUrl\":\"https:\/\/coden.com.br\/semana-da-agua\/wp-content\/uploads\/2022\/03\/cropped-logocoden.png\",\"width\":1043,\"height\":298,\"caption\":\"Coden Ambinetal\"},\"image\":{\"@id\":\"https:\/\/coden.com.br\/semana-da-agua\/#\/schema\/logo\/image\/\"},\"sameAs\":[\"https:\/\/www.facebook.com\/codenambiental\/\"]}]}<\/script>\n<!-- \/ Yoast SEO plugin. -->","yoast_head_json":{"title":"Tratamento de esgoto - Coden Ambiental","robots":{"index":"index","follow":"follow","max-snippet":"max-snippet:-1","max-image-preview":"max-image-preview:large","max-video-preview":"max-video-preview:-1"},"canonical":"https:\/\/coden.com.br\/semana-da-agua\/tratamento-de-esgoto\/","og_locale":"pt_BR","og_type":"article","og_title":"Tratamento de esgoto - Coden Ambiental","og_description":"Esta\u00e7\u00e3o de Tratamento de Esgoto &#8211; ETE Quilombo Conhe\u00e7a nosso tratamento de esgoto Para garantir que os rios e c\u00f3rregos do munic\u00edpio tenham condi\u00e7\u00f5es ideais para a prolifera\u00e7\u00e3o de peixes, mesmo que sejam mananciais n\u00e3o utilizados pela Coden como fontes de capta\u00e7\u00e3o de \u00e1gua, \u00e9 necess\u00e1rio um tratamento de esgoto adequado. A Esta\u00e7\u00e3o de Tratamento [&hellip;]","og_url":"https:\/\/coden.com.br\/semana-da-agua\/tratamento-de-esgoto\/","og_site_name":"Coden Ambiental","article_publisher":"https:\/\/www.facebook.com\/codenambiental\/","article_modified_time":"2023-03-14T17:51:37+00:00","og_image":[{"url":"https:\/\/coden.com.br\/semana-da-agua\/wp-content\/uploads\/2022\/03\/Estacao-de-Tratamento-de-Esgoto-ETE-Quilombo-copiar.png","type":"","width":"","height":""}],"twitter_card":"summary_large_image","twitter_misc":{"Est. tempo de leitura":"4 minutos"},"schema":{"@context":"https:\/\/schema.org","@graph":[{"@type":"WebPage","@id":"https:\/\/coden.com.br\/semana-da-agua\/tratamento-de-esgoto\/","url":"https:\/\/coden.com.br\/semana-da-agua\/tratamento-de-esgoto\/","name":"Tratamento de esgoto - Coden Ambiental","isPartOf":{"@id":"https:\/\/coden.com.br\/semana-da-agua\/#website"},"primaryImageOfPage":{"@id":"https:\/\/coden.com.br\/semana-da-agua\/tratamento-de-esgoto\/#primaryimage"},"image":{"@id":"https:\/\/coden.com.br\/semana-da-agua\/tratamento-de-esgoto\/#primaryimage"},"thumbnailUrl":"https:\/\/coden.com.br\/semana-da-agua\/wp-content\/uploads\/2022\/03\/Estacao-de-Tratamento-de-Esgoto-ETE-Quilombo-copiar.png","datePublished":"2022-03-13T19:03:15+00:00","dateModified":"2023-03-14T17:51:37+00:00","breadcrumb":{"@id":"https:\/\/coden.com.br\/semana-da-agua\/tratamento-de-esgoto\/#breadcrumb"},"inLanguage":"pt-BR","potentialAction":[{"@type":"ReadAction","target":["https:\/\/coden.com.br\/semana-da-agua\/tratamento-de-esgoto\/"]}]},{"@type":"ImageObject","inLanguage":"pt-BR","@id":"https:\/\/coden.com.br\/semana-da-agua\/tratamento-de-esgoto\/#primaryimage","url":"https:\/\/coden.com.br\/semana-da-agua\/wp-content\/uploads\/2022\/03\/Estacao-de-Tratamento-de-Esgoto-ETE-Quilombo-copiar.png","contentUrl":"https:\/\/coden.com.br\/semana-da-agua\/wp-content\/uploads\/2022\/03\/Estacao-de-Tratamento-de-Esgoto-ETE-Quilombo-copiar.png","width":567,"height":425},{"@type":"BreadcrumbList","@id":"https:\/\/coden.com.br\/semana-da-agua\/tratamento-de-esgoto\/#breadcrumb","itemListElement":[{"@type":"ListItem","position":1,"name":"In\u00edcio","item":"https:\/\/coden.com.br\/semana-da-agua\/"},{"@type":"ListItem","position":2,"name":"Tratamento de esgoto"}]},{"@type":"WebSite","@id":"https:\/\/coden.com.br\/semana-da-agua\/#website","url":"https:\/\/coden.com.br\/semana-da-agua\/","name":"Coden Ambiental","description":"Semana da \u00c1gua Coden Ambiental","publisher":{"@id":"https:\/\/coden.com.br\/semana-da-agua\/#organization"},"potentialAction":[{"@type":"SearchAction","target":{"@type":"EntryPoint","urlTemplate":"https:\/\/coden.com.br\/semana-da-agua\/?s={search_term_string}"},"query-input":{"@type":"PropertyValueSpecification","valueRequired":true,"valueName":"search_term_string"}}],"inLanguage":"pt-BR"},{"@type":"Organization","@id":"https:\/\/coden.com.br\/semana-da-agua\/#organization","name":"Coden Ambinetal","url":"https:\/\/coden.com.br\/semana-da-agua\/","logo":{"@type":"ImageObject","inLanguage":"pt-BR","@id":"https:\/\/coden.com.br\/semana-da-agua\/#\/schema\/logo\/image\/","url":"https:\/\/coden.com.br\/semana-da-agua\/wp-content\/uploads\/2022\/03\/cropped-logocoden.png","contentUrl":"https:\/\/coden.com.br\/semana-da-agua\/wp-content\/uploads\/2022\/03\/cropped-logocoden.png","width":1043,"height":298,"caption":"Coden Ambinetal"},"image":{"@id":"https:\/\/coden.com.br\/semana-da-agua\/#\/schema\/logo\/image\/"},"sameAs":["https:\/\/www.facebook.com\/codenambiental\/"]}]}},"_links":{"self":[{"href":"https:\/\/coden.com.br\/semana-da-agua\/wp-json\/wp\/v2\/pages\/273","targetHints":{"allow":["GET"]}}],"collection":[{"href":"https:\/\/coden.com.br\/semana-da-agua\/wp-json\/wp\/v2\/pages"}],"about":[{"href":"https:\/\/coden.com.br\/semana-da-agua\/wp-json\/wp\/v2\/types\/page"}],"author":[{"embeddable":true,"href":"https:\/\/coden.com.br\/semana-da-agua\/wp-json\/wp\/v2\/users\/2"}],"replies":[{"embeddable":true,"href":"https:\/\/coden.com.br\/semana-da-agua\/wp-json\/wp\/v2\/comments?post=273"}],"version-history":[{"count":20,"href":"https:\/\/coden.com.br\/semana-da-agua\/wp-json\/wp\/v2\/pages\/273\/revisions"}],"predecessor-version":[{"id":564,"href":"https:\/\/coden.com.br\/semana-da-agua\/wp-json\/wp\/v2\/pages\/273\/revisions\/564"}],"wp:attachment":[{"href":"https:\/\/coden.com.br\/semana-da-agua\/wp-json\/wp\/v2\/media?parent=273"}],"curies":[{"name":"wp","href":"https:\/\/api.w.org\/{rel}","templated":true}]}}