{"id":192,"date":"2022-03-13T01:08:45","date_gmt":"2022-03-13T01:08:45","guid":{"rendered":"https:\/\/coden.com.br\/semana-da-agua\/?page_id=192"},"modified":"2023-03-14T17:45:31","modified_gmt":"2023-03-14T17:45:31","slug":"elementor-192","status":"publish","type":"page","link":"https:\/\/coden.com.br\/semana-da-agua\/elementor-192\/","title":{"rendered":"\u00c1gua para BEBER, \u00c1gua para COMER, \u00c1gua para VIVER&#8230;"},"content":{"rendered":"\t\t<div data-elementor-type=\"wp-page\" data-elementor-id=\"192\" class=\"elementor elementor-192\" data-elementor-post-type=\"page\">\n\t\t\t\t\t\t<section class=\"elementor-section elementor-top-section elementor-element elementor-element-e6f4d40 elementor-section-boxed elementor-section-height-default elementor-section-height-default tf-sticky-section tf-sticky-no\" data-id=\"e6f4d40\" data-element_type=\"section\" data-settings=\"{&quot;tf_sticky&quot;:&quot;no&quot;}\">\n\t\t\t\t\t\t<div class=\"elementor-container elementor-column-gap-default\">\n\t\t\t\t\t<div class=\"elementor-column elementor-col-100 elementor-top-column elementor-element elementor-element-5cf529e\" data-id=\"5cf529e\" data-element_type=\"column\">\n\t\t\t<div class=\"elementor-widget-wrap elementor-element-populated\">\n\t\t\t\t\t\t<div class=\"elementor-element elementor-element-bf8154e elementor-widget elementor-widget-image\" data-id=\"bf8154e\" data-element_type=\"widget\" data-widget_type=\"image.default\">\n\t\t\t\t<div class=\"elementor-widget-container\">\n\t\t\t\t\t\t\t\t\t\t\t\t\t\t\t<img fetchpriority=\"high\" decoding=\"async\" width=\"567\" height=\"283\" src=\"https:\/\/coden.com.br\/semana-da-agua\/wp-content\/uploads\/2022\/03\/Agua-corte-mais.png\" class=\"attachment-full size-full wp-image-194\" alt=\"\" srcset=\"https:\/\/coden.com.br\/semana-da-agua\/wp-content\/uploads\/2022\/03\/Agua-corte-mais.png 567w, https:\/\/coden.com.br\/semana-da-agua\/wp-content\/uploads\/2022\/03\/Agua-corte-mais-300x150.png 300w\" sizes=\"(max-width: 567px) 100vw, 567px\" \/>\t\t\t\t\t\t\t\t\t\t\t\t\t\t\t<\/div>\n\t\t\t\t<\/div>\n\t\t\t\t<section class=\"elementor-section elementor-inner-section elementor-element elementor-element-8e26d54 elementor-section-boxed elementor-section-height-default elementor-section-height-default tf-sticky-section tf-sticky-no\" data-id=\"8e26d54\" data-element_type=\"section\" data-settings=\"{&quot;tf_sticky&quot;:&quot;no&quot;}\">\n\t\t\t\t\t\t<div class=\"elementor-container elementor-column-gap-default\">\n\t\t\t\t\t<div class=\"elementor-column elementor-col-100 elementor-inner-column elementor-element elementor-element-e40d072\" data-id=\"e40d072\" data-element_type=\"column\">\n\t\t\t<div class=\"elementor-widget-wrap elementor-element-populated\">\n\t\t\t\t\t\t<div class=\"elementor-element elementor-element-da7df59 elementor-widget elementor-widget-spacer\" data-id=\"da7df59\" data-element_type=\"widget\" data-widget_type=\"spacer.default\">\n\t\t\t\t<div class=\"elementor-widget-container\">\n\t\t\t\t\t\t\t<div class=\"elementor-spacer\">\n\t\t\t<div class=\"elementor-spacer-inner\"><\/div>\n\t\t<\/div>\n\t\t\t\t\t\t<\/div>\n\t\t\t\t<\/div>\n\t\t\t\t<div class=\"elementor-element elementor-element-e775428 elementor-widget elementor-widget-heading\" data-id=\"e775428\" data-element_type=\"widget\" data-widget_type=\"heading.default\">\n\t\t\t\t<div class=\"elementor-widget-container\">\n\t\t\t\t\t<h3 class=\"elementor-heading-title elementor-size-default\">\u00c1gua para BEBER, \u00c1gua para COMER, \u00c1gua para VIVER...\u200b<\/h3>\t\t\t\t<\/div>\n\t\t\t\t<\/div>\n\t\t\t\t\t<\/div>\n\t\t<\/div>\n\t\t\t\t\t<\/div>\n\t\t<\/section>\n\t\t\t\t<section class=\"elementor-section elementor-inner-section elementor-element elementor-element-6d340fa elementor-section-boxed elementor-section-height-default elementor-section-height-default tf-sticky-section tf-sticky-no\" data-id=\"6d340fa\" data-element_type=\"section\" data-settings=\"{&quot;tf_sticky&quot;:&quot;no&quot;}\">\n\t\t\t\t\t\t<div class=\"elementor-container elementor-column-gap-default\">\n\t\t\t\t\t<div class=\"elementor-column elementor-col-100 elementor-inner-column elementor-element elementor-element-fab389f\" data-id=\"fab389f\" data-element_type=\"column\">\n\t\t\t<div class=\"elementor-widget-wrap elementor-element-populated\">\n\t\t\t\t\t\t<div class=\"elementor-element elementor-element-49993b4 elementor-widget elementor-widget-spacer\" data-id=\"49993b4\" data-element_type=\"widget\" data-widget_type=\"spacer.default\">\n\t\t\t\t<div class=\"elementor-widget-container\">\n\t\t\t\t\t\t\t<div class=\"elementor-spacer\">\n\t\t\t<div class=\"elementor-spacer-inner\"><\/div>\n\t\t<\/div>\n\t\t\t\t\t\t<\/div>\n\t\t\t\t<\/div>\n\t\t\t\t<div class=\"elementor-element elementor-element-83b0484 elementor-drop-cap-yes elementor-drop-cap-view-default elementor-widget elementor-widget-text-editor\" data-id=\"83b0484\" data-element_type=\"widget\" data-settings=\"{&quot;drop_cap&quot;:&quot;yes&quot;}\" data-widget_type=\"text-editor.default\">\n\t\t\t\t<div class=\"elementor-widget-container\">\n\t\t\t\t\t\t\t\t\t<p>A \u00e1gua \u00e9 fundamental para o planeta e para a vida humana. Prova disso \u00e9 que a sobreviv\u00eancia de todos os seres vivos depende da \u00e1gua.<br \/>O nosso organismo, por exemplo, precisa de pelo menos dois litros de \u00e1gua por dia. Al\u00e9m de compor mais de 60% do nosso peso corporal, a \u00e1gua regula a nossa temperatura interna e \u00e9 essencial para todas as fun\u00e7\u00f5es org\u00e2nicas.<br \/>A \u00e1gua tamb\u00e9m \u00e9 necess\u00e1ria para o preparo da nossa alimenta\u00e7\u00e3o e para manter a higiene pessoal, dos objetos e dos ambientes. Nos \u00faltimos anos, com a pandemia da Covid-19, a import\u00e2ncia sanit\u00e1ria da \u00e1gua ficou mais evidente, pois o mundo todo passou a seguir a recomenda\u00e7\u00e3o de lavar as m\u00e3os com \u00e1gua e sab\u00e3o para evitar o cont\u00e1gio com o novo coronav\u00edrus.<br \/>N\u00e3o \u00e9 exagero afirmar que a \u00e1gua est\u00e1 presente em tudo o que a gente faz, seja no uso dom\u00e9stico, na recrea\u00e7\u00e3o, no lazer e, tamb\u00e9m, em diversos setores da economia, como a agricultura, a cria\u00e7\u00e3o de animais, a minera\u00e7\u00e3o, a navega\u00e7\u00e3o e a gera\u00e7\u00e3o de energia. Na ind\u00fastria, \u00e9 base para milhares de produtos.<\/p>\t\t\t\t\t\t\t\t<\/div>\n\t\t\t\t<\/div>\n\t\t\t\t\t<\/div>\n\t\t<\/div>\n\t\t\t\t\t<\/div>\n\t\t<\/section>\n\t\t\t\t\t<\/div>\n\t\t<\/div>\n\t\t\t\t\t<\/div>\n\t\t<\/section>\n\t\t\t\t<\/div>\n\t\t","protected":false},"excerpt":{"rendered":"<p>\u00c1gua para BEBER, \u00c1gua para COMER, \u00c1gua para VIVER&#8230;\u200b A \u00e1gua \u00e9 fundamental para o planeta e para a vida humana. Prova disso \u00e9 que a sobreviv\u00eancia de todos os seres vivos depende da \u00e1gua.O nosso organismo, por exemplo, precisa de pelo menos dois litros de \u00e1gua por dia. Al\u00e9m de compor mais de 60% [&hellip;]<\/p>\n","protected":false},"author":2,"featured_media":194,"parent":0,"menu_order":0,"comment_status":"closed","ping_status":"closed","template":"","meta":{"footnotes":""},"class_list":["post-192","page","type-page","status-publish","has-post-thumbnail","hentry"],"yoast_head":"<!-- This site is optimized with the Yoast SEO plugin v26.9 - https:\/\/yoast.com\/product\/yoast-seo-wordpress\/ -->\n<title>\u00c1gua para BEBER, \u00c1gua para COMER, \u00c1gua para VIVER... - Coden Ambiental<\/title>\n<meta name=\"robots\" content=\"index, follow, max-snippet:-1, max-image-preview:large, max-video-preview:-1\" \/>\n<link rel=\"canonical\" href=\"https:\/\/coden.com.br\/semana-da-agua\/elementor-192\/\" \/>\n<meta property=\"og:locale\" content=\"pt_BR\" \/>\n<meta property=\"og:type\" content=\"article\" \/>\n<meta property=\"og:title\" content=\"\u00c1gua para BEBER, \u00c1gua para COMER, \u00c1gua para VIVER... - Coden Ambiental\" \/>\n<meta property=\"og:description\" content=\"\u00c1gua para BEBER, \u00c1gua para COMER, \u00c1gua para VIVER&#8230;\u200b A \u00e1gua \u00e9 fundamental para o planeta e para a vida humana. Prova disso \u00e9 que a sobreviv\u00eancia de todos os seres vivos depende da \u00e1gua.O nosso organismo, por exemplo, precisa de pelo menos dois litros de \u00e1gua por dia. Al\u00e9m de compor mais de 60% [&hellip;]\" \/>\n<meta property=\"og:url\" content=\"https:\/\/coden.com.br\/semana-da-agua\/elementor-192\/\" \/>\n<meta property=\"og:site_name\" content=\"Coden Ambiental\" \/>\n<meta property=\"article:publisher\" content=\"https:\/\/www.facebook.com\/codenambiental\/\" \/>\n<meta property=\"article:modified_time\" content=\"2023-03-14T17:45:31+00:00\" \/>\n<meta property=\"og:image\" content=\"https:\/\/coden.com.br\/semana-da-agua\/wp-content\/uploads\/2022\/03\/Agua-corte-mais.png\" \/>\n\t<meta property=\"og:image:width\" content=\"567\" \/>\n\t<meta property=\"og:image:height\" content=\"283\" \/>\n\t<meta property=\"og:image:type\" content=\"image\/png\" \/>\n<meta name=\"twitter:card\" content=\"summary_large_image\" \/>\n<meta name=\"twitter:label1\" content=\"Est. tempo de leitura\" \/>\n\t<meta name=\"twitter:data1\" content=\"2 minutos\" \/>\n<script type=\"application\/ld+json\" class=\"yoast-schema-graph\">{\"@context\":\"https:\/\/schema.org\",\"@graph\":[{\"@type\":\"WebPage\",\"@id\":\"https:\/\/coden.com.br\/semana-da-agua\/elementor-192\/\",\"url\":\"https:\/\/coden.com.br\/semana-da-agua\/elementor-192\/\",\"name\":\"\u00c1gua para BEBER, \u00c1gua para COMER, \u00c1gua para VIVER... - Coden Ambiental\",\"isPartOf\":{\"@id\":\"https:\/\/coden.com.br\/semana-da-agua\/#website\"},\"primaryImageOfPage\":{\"@id\":\"https:\/\/coden.com.br\/semana-da-agua\/elementor-192\/#primaryimage\"},\"image\":{\"@id\":\"https:\/\/coden.com.br\/semana-da-agua\/elementor-192\/#primaryimage\"},\"thumbnailUrl\":\"https:\/\/coden.com.br\/semana-da-agua\/wp-content\/uploads\/2022\/03\/Agua-corte-mais.png\",\"datePublished\":\"2022-03-13T01:08:45+00:00\",\"dateModified\":\"2023-03-14T17:45:31+00:00\",\"breadcrumb\":{\"@id\":\"https:\/\/coden.com.br\/semana-da-agua\/elementor-192\/#breadcrumb\"},\"inLanguage\":\"pt-BR\",\"potentialAction\":[{\"@type\":\"ReadAction\",\"target\":[\"https:\/\/coden.com.br\/semana-da-agua\/elementor-192\/\"]}]},{\"@type\":\"ImageObject\",\"inLanguage\":\"pt-BR\",\"@id\":\"https:\/\/coden.com.br\/semana-da-agua\/elementor-192\/#primaryimage\",\"url\":\"https:\/\/coden.com.br\/semana-da-agua\/wp-content\/uploads\/2022\/03\/Agua-corte-mais.png\",\"contentUrl\":\"https:\/\/coden.com.br\/semana-da-agua\/wp-content\/uploads\/2022\/03\/Agua-corte-mais.png\",\"width\":567,\"height\":283},{\"@type\":\"BreadcrumbList\",\"@id\":\"https:\/\/coden.com.br\/semana-da-agua\/elementor-192\/#breadcrumb\",\"itemListElement\":[{\"@type\":\"ListItem\",\"position\":1,\"name\":\"In\u00edcio\",\"item\":\"https:\/\/coden.com.br\/semana-da-agua\/\"},{\"@type\":\"ListItem\",\"position\":2,\"name\":\"\u00c1gua para BEBER, \u00c1gua para COMER, \u00c1gua para VIVER&#8230;\"}]},{\"@type\":\"WebSite\",\"@id\":\"https:\/\/coden.com.br\/semana-da-agua\/#website\",\"url\":\"https:\/\/coden.com.br\/semana-da-agua\/\",\"name\":\"Coden Ambiental\",\"description\":\"Semana da \u00c1gua Coden Ambiental\",\"publisher\":{\"@id\":\"https:\/\/coden.com.br\/semana-da-agua\/#organization\"},\"potentialAction\":[{\"@type\":\"SearchAction\",\"target\":{\"@type\":\"EntryPoint\",\"urlTemplate\":\"https:\/\/coden.com.br\/semana-da-agua\/?s={search_term_string}\"},\"query-input\":{\"@type\":\"PropertyValueSpecification\",\"valueRequired\":true,\"valueName\":\"search_term_string\"}}],\"inLanguage\":\"pt-BR\"},{\"@type\":\"Organization\",\"@id\":\"https:\/\/coden.com.br\/semana-da-agua\/#organization\",\"name\":\"Coden Ambinetal\",\"url\":\"https:\/\/coden.com.br\/semana-da-agua\/\",\"logo\":{\"@type\":\"ImageObject\",\"inLanguage\":\"pt-BR\",\"@id\":\"https:\/\/coden.com.br\/semana-da-agua\/#\/schema\/logo\/image\/\",\"url\":\"https:\/\/coden.com.br\/semana-da-agua\/wp-content\/uploads\/2022\/03\/cropped-logocoden.png\",\"contentUrl\":\"https:\/\/coden.com.br\/semana-da-agua\/wp-content\/uploads\/2022\/03\/cropped-logocoden.png\",\"width\":1043,\"height\":298,\"caption\":\"Coden Ambinetal\"},\"image\":{\"@id\":\"https:\/\/coden.com.br\/semana-da-agua\/#\/schema\/logo\/image\/\"},\"sameAs\":[\"https:\/\/www.facebook.com\/codenambiental\/\"]}]}<\/script>\n<!-- \/ Yoast SEO plugin. -->","yoast_head_json":{"title":"\u00c1gua para BEBER, \u00c1gua para COMER, \u00c1gua para VIVER... - Coden Ambiental","robots":{"index":"index","follow":"follow","max-snippet":"max-snippet:-1","max-image-preview":"max-image-preview:large","max-video-preview":"max-video-preview:-1"},"canonical":"https:\/\/coden.com.br\/semana-da-agua\/elementor-192\/","og_locale":"pt_BR","og_type":"article","og_title":"\u00c1gua para BEBER, \u00c1gua para COMER, \u00c1gua para VIVER... - Coden Ambiental","og_description":"\u00c1gua para BEBER, \u00c1gua para COMER, \u00c1gua para VIVER&#8230;\u200b A \u00e1gua \u00e9 fundamental para o planeta e para a vida humana. Prova disso \u00e9 que a sobreviv\u00eancia de todos os seres vivos depende da \u00e1gua.O nosso organismo, por exemplo, precisa de pelo menos dois litros de \u00e1gua por dia. Al\u00e9m de compor mais de 60% [&hellip;]","og_url":"https:\/\/coden.com.br\/semana-da-agua\/elementor-192\/","og_site_name":"Coden Ambiental","article_publisher":"https:\/\/www.facebook.com\/codenambiental\/","article_modified_time":"2023-03-14T17:45:31+00:00","og_image":[{"width":567,"height":283,"url":"https:\/\/coden.com.br\/semana-da-agua\/wp-content\/uploads\/2022\/03\/Agua-corte-mais.png","type":"image\/png"}],"twitter_card":"summary_large_image","twitter_misc":{"Est. tempo de leitura":"2 minutos"},"schema":{"@context":"https:\/\/schema.org","@graph":[{"@type":"WebPage","@id":"https:\/\/coden.com.br\/semana-da-agua\/elementor-192\/","url":"https:\/\/coden.com.br\/semana-da-agua\/elementor-192\/","name":"\u00c1gua para BEBER, \u00c1gua para COMER, \u00c1gua para VIVER... - Coden Ambiental","isPartOf":{"@id":"https:\/\/coden.com.br\/semana-da-agua\/#website"},"primaryImageOfPage":{"@id":"https:\/\/coden.com.br\/semana-da-agua\/elementor-192\/#primaryimage"},"image":{"@id":"https:\/\/coden.com.br\/semana-da-agua\/elementor-192\/#primaryimage"},"thumbnailUrl":"https:\/\/coden.com.br\/semana-da-agua\/wp-content\/uploads\/2022\/03\/Agua-corte-mais.png","datePublished":"2022-03-13T01:08:45+00:00","dateModified":"2023-03-14T17:45:31+00:00","breadcrumb":{"@id":"https:\/\/coden.com.br\/semana-da-agua\/elementor-192\/#breadcrumb"},"inLanguage":"pt-BR","potentialAction":[{"@type":"ReadAction","target":["https:\/\/coden.com.br\/semana-da-agua\/elementor-192\/"]}]},{"@type":"ImageObject","inLanguage":"pt-BR","@id":"https:\/\/coden.com.br\/semana-da-agua\/elementor-192\/#primaryimage","url":"https:\/\/coden.com.br\/semana-da-agua\/wp-content\/uploads\/2022\/03\/Agua-corte-mais.png","contentUrl":"https:\/\/coden.com.br\/semana-da-agua\/wp-content\/uploads\/2022\/03\/Agua-corte-mais.png","width":567,"height":283},{"@type":"BreadcrumbList","@id":"https:\/\/coden.com.br\/semana-da-agua\/elementor-192\/#breadcrumb","itemListElement":[{"@type":"ListItem","position":1,"name":"In\u00edcio","item":"https:\/\/coden.com.br\/semana-da-agua\/"},{"@type":"ListItem","position":2,"name":"\u00c1gua para BEBER, \u00c1gua para COMER, \u00c1gua para VIVER&#8230;"}]},{"@type":"WebSite","@id":"https:\/\/coden.com.br\/semana-da-agua\/#website","url":"https:\/\/coden.com.br\/semana-da-agua\/","name":"Coden Ambiental","description":"Semana da \u00c1gua Coden Ambiental","publisher":{"@id":"https:\/\/coden.com.br\/semana-da-agua\/#organization"},"potentialAction":[{"@type":"SearchAction","target":{"@type":"EntryPoint","urlTemplate":"https:\/\/coden.com.br\/semana-da-agua\/?s={search_term_string}"},"query-input":{"@type":"PropertyValueSpecification","valueRequired":true,"valueName":"search_term_string"}}],"inLanguage":"pt-BR"},{"@type":"Organization","@id":"https:\/\/coden.com.br\/semana-da-agua\/#organization","name":"Coden Ambinetal","url":"https:\/\/coden.com.br\/semana-da-agua\/","logo":{"@type":"ImageObject","inLanguage":"pt-BR","@id":"https:\/\/coden.com.br\/semana-da-agua\/#\/schema\/logo\/image\/","url":"https:\/\/coden.com.br\/semana-da-agua\/wp-content\/uploads\/2022\/03\/cropped-logocoden.png","contentUrl":"https:\/\/coden.com.br\/semana-da-agua\/wp-content\/uploads\/2022\/03\/cropped-logocoden.png","width":1043,"height":298,"caption":"Coden Ambinetal"},"image":{"@id":"https:\/\/coden.com.br\/semana-da-agua\/#\/schema\/logo\/image\/"},"sameAs":["https:\/\/www.facebook.com\/codenambiental\/"]}]}},"_links":{"self":[{"href":"https:\/\/coden.com.br\/semana-da-agua\/wp-json\/wp\/v2\/pages\/192","targetHints":{"allow":["GET"]}}],"collection":[{"href":"https:\/\/coden.com.br\/semana-da-agua\/wp-json\/wp\/v2\/pages"}],"about":[{"href":"https:\/\/coden.com.br\/semana-da-agua\/wp-json\/wp\/v2\/types\/page"}],"author":[{"embeddable":true,"href":"https:\/\/coden.com.br\/semana-da-agua\/wp-json\/wp\/v2\/users\/2"}],"replies":[{"embeddable":true,"href":"https:\/\/coden.com.br\/semana-da-agua\/wp-json\/wp\/v2\/comments?post=192"}],"version-history":[{"count":25,"href":"https:\/\/coden.com.br\/semana-da-agua\/wp-json\/wp\/v2\/pages\/192\/revisions"}],"predecessor-version":[{"id":555,"href":"https:\/\/coden.com.br\/semana-da-agua\/wp-json\/wp\/v2\/pages\/192\/revisions\/555"}],"wp:featuredmedia":[{"embeddable":true,"href":"https:\/\/coden.com.br\/semana-da-agua\/wp-json\/wp\/v2\/media\/194"}],"wp:attachment":[{"href":"https:\/\/coden.com.br\/semana-da-agua\/wp-json\/wp\/v2\/media?parent=192"}],"curies":[{"name":"wp","href":"https:\/\/api.w.org\/{rel}","templated":true}]}}